{"id":244,"date":"2022-10-08T21:49:12","date_gmt":"2022-10-08T19:49:12","guid":{"rendered":"https:\/\/shs-klatte.de\/?page_id=244"},"modified":"2022-10-18T11:38:17","modified_gmt":"2022-10-18T09:38:17","slug":"willkommen-michael-klatte-software-hardware-service","status":"publish","type":"page","link":"https:\/\/shs-klatte.de\/","title":{"rendered":"Willkommen"},"content":{"rendered":"\n<h2 class=\"wp-block-heading\">Willkommen<\/h2>\n\n\n\n<p>bei <a href=\"https:\/\/shs-klatte.de\/kontakt\">Michael Klatte<\/a> &#8211; Software, Hardware &amp; Service.<\/p>\n\n\n\n<p>Sie m\u00f6chten sich einen neuen PC oder ein neues Notebook kaufen, wissen aber nicht, welches Modell f\u00fcr Sie das Richtige ist?<br>Sie ben\u00f6tigen Hilfe mit Ihrem Rechner?<br>Sie suchen Unterst\u00fctzung bei der Umsetzung verschiedenster Themen der IT? Sie wollen ein neues Netzwerk aufbauen, ben\u00f6tigen Storage- oder Backupl\u00f6sungen oder suchen einfach nur Beratung? Sie ben\u00f6tigen Unterst\u00fctzung bei der Inbetriebnahme ihres Routers?<\/p>\n\n\n\n<p>Dann sind Sie bei mir genau richtig. Ich biete im Rahmen meiner Selbst\u00e4ndigkeit kompetentes und praxisnahes IT-Knowhow, welches Ihre Fragen beantwortet und Sie dabei ohne IT-Kauderwelsch zu Ihrem individuellen Ziel bringt. Meine Unterst\u00fctzung biete ich Ihnen vornehmlich in den Abendstunden und am Wochenende an, wenn Sie auch Zeit daf\u00fcr haben.<\/p>\n","protected":false},"excerpt":{"rendered":"<p>Willkommen bei Michael Klatte &#8211; Software, Hardware &amp; Service. Sie m\u00f6chten sich einen neuen PC oder ein neues Notebook kaufen, wissen aber nicht, welches Modell f\u00fcr Sie das Richtige ist?Sie ben\u00f6tigen Hilfe mit Ihrem Rechner?Sie suchen Unterst\u00fctzung bei der Umsetzung verschiedenster Themen der IT? Sie wollen ein neues Netzwerk aufbauen, ben\u00f6tigen Storage- oder Backupl\u00f6sungen oder&hellip; <a class=\"more-link\" href=\"https:\/\/shs-klatte.de\/\"><span class=\"screen-reader-text\">Willkommen<\/span> weiterlesen<\/a><\/p>\n","protected":false},"author":1,"featured_media":0,"parent":0,"menu_order":0,"comment_status":"closed","ping_status":"closed","template":"","meta":{"footnotes":""},"class_list":["post-244","page","type-page","status-publish","hentry","entry"],"yoast_head":"<!-- This site is optimized with the Yoast SEO plugin v27.3 - https:\/\/yoast.com\/product\/yoast-seo-wordpress\/ -->\n<title>Michael Klatte | Software, Hardware &amp; Service - Willkommen<\/title>\n<meta name=\"description\" content=\"IT-Service, Unterst\u00fctzung beim Kauf oder Einrichtung eines PC&#039;s, Installation von Soft- und Hardware. Konzeption f\u00fcr Unternehmen und Privat\" \/>\n<meta name=\"robots\" content=\"index, follow, max-snippet:-1, max-image-preview:large, max-video-preview:-1\" \/>\n<link rel=\"canonical\" href=\"https:\/\/shs-klatte.de\/\" \/>\n<meta property=\"og:locale\" content=\"de_DE\" \/>\n<meta property=\"og:type\" content=\"article\" \/>\n<meta property=\"og:title\" content=\"Michael Klatte | Software, Hardware &amp; Service - Willkommen\" \/>\n<meta property=\"og:description\" content=\"IT-Service, Unterst\u00fctzung beim Kauf oder Einrichtung eines PC&#039;s, Installation von Soft- und Hardware. Konzeption f\u00fcr Unternehmen und Privat\" \/>\n<meta property=\"og:url\" content=\"https:\/\/shs-klatte.de\/\" \/>\n<meta property=\"og:site_name\" content=\"Michael Klatte | Software, Hardware &amp; Service\" \/>\n<meta property=\"article:modified_time\" content=\"2022-10-18T09:38:17+00:00\" \/>\n<meta name=\"twitter:card\" content=\"summary_large_image\" \/>\n<meta name=\"twitter:label1\" content=\"Gesch\u00e4tzte Lesezeit\" \/>\n\t<meta name=\"twitter:data1\" content=\"1\u00a0Minute\" \/>\n<script type=\"application\/ld+json\" class=\"yoast-schema-graph\">{\"@context\":\"https:\\\/\\\/schema.org\",\"@graph\":[{\"@type\":\"WebPage\",\"@id\":\"https:\\\/\\\/shs-klatte.de\\\/\",\"url\":\"https:\\\/\\\/shs-klatte.de\\\/\",\"name\":\"Michael Klatte | Software, Hardware &amp; Service - Willkommen\",\"isPartOf\":{\"@id\":\"https:\\\/\\\/shs-klatte.de\\\/#website\"},\"datePublished\":\"2022-10-08T19:49:12+00:00\",\"dateModified\":\"2022-10-18T09:38:17+00:00\",\"description\":\"IT-Service, Unterst\u00fctzung beim Kauf oder Einrichtung eines PC's, Installation von Soft- und Hardware. Konzeption f\u00fcr Unternehmen und Privat\",\"breadcrumb\":{\"@id\":\"https:\\\/\\\/shs-klatte.de\\\/#breadcrumb\"},\"inLanguage\":\"de\",\"potentialAction\":[{\"@type\":\"ReadAction\",\"target\":[\"https:\\\/\\\/shs-klatte.de\\\/\"]}]},{\"@type\":\"BreadcrumbList\",\"@id\":\"https:\\\/\\\/shs-klatte.de\\\/#breadcrumb\",\"itemListElement\":[{\"@type\":\"ListItem\",\"position\":1,\"name\":\"Startseite\",\"item\":\"https:\\\/\\\/shs-klatte.de\\\/\"},{\"@type\":\"ListItem\",\"position\":2,\"name\":\"Willkommen\"}]},{\"@type\":\"WebSite\",\"@id\":\"https:\\\/\\\/shs-klatte.de\\\/#website\",\"url\":\"https:\\\/\\\/shs-klatte.de\\\/\",\"name\":\"Michael Klatte | Software, Hardware &amp; Service\",\"description\":\"Computer, Software, Hardware, Installation, updates, Virenscanner, Mail, integartion von Software, Beartung in EDV und IT, Beschaffung von Software und Hardware, Neuinstallation und Reparatur von IT-Systemen,open source, IT-L\u00f6sungen f\u00fcr Firmen und Privatleute\",\"publisher\":{\"@id\":\"https:\\\/\\\/shs-klatte.de\\\/#organization\"},\"inLanguage\":\"de\"},{\"@type\":\"Organization\",\"@id\":\"https:\\\/\\\/shs-klatte.de\\\/#organization\",\"name\":\"Michael Klatte | Software, Hardware &amp; Service\",\"url\":\"https:\\\/\\\/shs-klatte.de\\\/\",\"logo\":{\"@type\":\"ImageObject\",\"inLanguage\":\"de\",\"@id\":\"https:\\\/\\\/shs-klatte.de\\\/#\\\/schema\\\/logo\\\/image\\\/\",\"url\":\"https:\\\/\\\/shs-klatte.de\\\/wp-content\\\/uploads\\\/2022\\\/02\\\/cropped-EYE-T-V01_06-Signatur-mk_me-e1643829473242.png\",\"contentUrl\":\"https:\\\/\\\/shs-klatte.de\\\/wp-content\\\/uploads\\\/2022\\\/02\\\/cropped-EYE-T-V01_06-Signatur-mk_me-e1643829473242.png\",\"width\":350,\"height\":148,\"caption\":\"Michael Klatte | Software, Hardware &amp; Service\"},\"image\":{\"@id\":\"https:\\\/\\\/shs-klatte.de\\\/#\\\/schema\\\/logo\\\/image\\\/\"}}]}<\/script>\n<!-- \/ Yoast SEO plugin. -->","yoast_head_json":{"title":"Michael Klatte | Software, Hardware &amp; Service - Willkommen","description":"IT-Service, Unterst\u00fctzung beim Kauf oder Einrichtung eines PC's, Installation von Soft- und Hardware. Konzeption f\u00fcr Unternehmen und Privat","robots":{"index":"index","follow":"follow","max-snippet":"max-snippet:-1","max-image-preview":"max-image-preview:large","max-video-preview":"max-video-preview:-1"},"canonical":"https:\/\/shs-klatte.de\/","og_locale":"de_DE","og_type":"article","og_title":"Michael Klatte | Software, Hardware &amp; Service - Willkommen","og_description":"IT-Service, Unterst\u00fctzung beim Kauf oder Einrichtung eines PC's, Installation von Soft- und Hardware. Konzeption f\u00fcr Unternehmen und Privat","og_url":"https:\/\/shs-klatte.de\/","og_site_name":"Michael Klatte | Software, Hardware &amp; Service","article_modified_time":"2022-10-18T09:38:17+00:00","twitter_card":"summary_large_image","twitter_misc":{"Gesch\u00e4tzte Lesezeit":"1\u00a0Minute"},"schema":{"@context":"https:\/\/schema.org","@graph":[{"@type":"WebPage","@id":"https:\/\/shs-klatte.de\/","url":"https:\/\/shs-klatte.de\/","name":"Michael Klatte | Software, Hardware &amp; Service - Willkommen","isPartOf":{"@id":"https:\/\/shs-klatte.de\/#website"},"datePublished":"2022-10-08T19:49:12+00:00","dateModified":"2022-10-18T09:38:17+00:00","description":"IT-Service, Unterst\u00fctzung beim Kauf oder Einrichtung eines PC's, Installation von Soft- und Hardware. Konzeption f\u00fcr Unternehmen und Privat","breadcrumb":{"@id":"https:\/\/shs-klatte.de\/#breadcrumb"},"inLanguage":"de","potentialAction":[{"@type":"ReadAction","target":["https:\/\/shs-klatte.de\/"]}]},{"@type":"BreadcrumbList","@id":"https:\/\/shs-klatte.de\/#breadcrumb","itemListElement":[{"@type":"ListItem","position":1,"name":"Startseite","item":"https:\/\/shs-klatte.de\/"},{"@type":"ListItem","position":2,"name":"Willkommen"}]},{"@type":"WebSite","@id":"https:\/\/shs-klatte.de\/#website","url":"https:\/\/shs-klatte.de\/","name":"Michael Klatte | Software, Hardware &amp; Service","description":"Computer, Software, Hardware, Installation, updates, Virenscanner, Mail, integartion von Software, Beartung in EDV und IT, Beschaffung von Software und Hardware, Neuinstallation und Reparatur von IT-Systemen,open source, IT-L\u00f6sungen f\u00fcr Firmen und Privatleute","publisher":{"@id":"https:\/\/shs-klatte.de\/#organization"},"inLanguage":"de"},{"@type":"Organization","@id":"https:\/\/shs-klatte.de\/#organization","name":"Michael Klatte | Software, Hardware &amp; Service","url":"https:\/\/shs-klatte.de\/","logo":{"@type":"ImageObject","inLanguage":"de","@id":"https:\/\/shs-klatte.de\/#\/schema\/logo\/image\/","url":"https:\/\/shs-klatte.de\/wp-content\/uploads\/2022\/02\/cropped-EYE-T-V01_06-Signatur-mk_me-e1643829473242.png","contentUrl":"https:\/\/shs-klatte.de\/wp-content\/uploads\/2022\/02\/cropped-EYE-T-V01_06-Signatur-mk_me-e1643829473242.png","width":350,"height":148,"caption":"Michael Klatte | Software, Hardware &amp; Service"},"image":{"@id":"https:\/\/shs-klatte.de\/#\/schema\/logo\/image\/"}}]}},"_links":{"self":[{"href":"https:\/\/shs-klatte.de\/index.php?rest_route=\/wp\/v2\/pages\/244","targetHints":{"allow":["GET"]}}],"collection":[{"href":"https:\/\/shs-klatte.de\/index.php?rest_route=\/wp\/v2\/pages"}],"about":[{"href":"https:\/\/shs-klatte.de\/index.php?rest_route=\/wp\/v2\/types\/page"}],"author":[{"embeddable":true,"href":"https:\/\/shs-klatte.de\/index.php?rest_route=\/wp\/v2\/users\/1"}],"replies":[{"embeddable":true,"href":"https:\/\/shs-klatte.de\/index.php?rest_route=%2Fwp%2Fv2%2Fcomments&post=244"}],"version-history":[{"count":2,"href":"https:\/\/shs-klatte.de\/index.php?rest_route=\/wp\/v2\/pages\/244\/revisions"}],"predecessor-version":[{"id":248,"href":"https:\/\/shs-klatte.de\/index.php?rest_route=\/wp\/v2\/pages\/244\/revisions\/248"}],"wp:attachment":[{"href":"https:\/\/shs-klatte.de\/index.php?rest_route=%2Fwp%2Fv2%2Fmedia&parent=244"}],"curies":[{"name":"wp","href":"https:\/\/api.w.org\/{rel}","templated":true}]}}